ors of 109335705.
3, 5, 7289047
What are the prime factors of 1895751466?
2, 7, 67, 79, 25583
What are the prime factors of 51650497?
51650497
What are the prime factors of 6308848?
2, 7, 13, 619
What are the prime factors of 99389096?
2, 257, 48341
List the prime factors of 749795004.
2, 3, 7, 79, 37663
List the prime factors of 2163739269.
3, 353, 2043191
List the prime factors of 923261457.
3, 307753819
List the prime factors of 1502765617.
1877, 800621
List the prime factors of 432735784.
2, 13, 1097, 3793
What are the prime factors of 309344756?
2, 7, 23, 480349
List the prime factors of 53531467.
11, 59, 82483
List the prime factors of 60718855.
5, 113, 107467
List the prime factors of 319077498.
2, 3, 41, 1297063
What are the prime factors of 536952966?
2, 3, 11, 101, 109, 739
What are the prime factors of 26828998?
2, 7, 463, 4139
List the prime factors of 6809833.
6809833
List the prime factors of 228659201.
228659201
List the prime factors of 6928755.
3, 5, 461917
What are the prime factors of 11881287?
3, 11, 43, 2791
What are the prime factors of 302290264?
2, 409, 92387
What are the prime factors of 203813939?
7, 29116277
List the prime factors of 132951322.
2, 7, 17, 19, 29401
List the prime factors of 180513350.
2, 5, 373, 9679
List the prime factors of 255829565.
5, 51165913
List the prime factors of 6795289113.
3, 17, 133240963
List the prime factors of 10004133.
3, 3334711
List the prime factors of 1870393250.
2, 5, 11, 19, 35797
List the prime factors of 1249306025.
5, 11, 2029, 2239
List the prime factors of 193494232.
2, 24186779
What are the prime factors of 5141131?
1549, 3319
What are the prime factors of 728995882?
2, 1277, 285433
What are the prime factors of 33072698?
2, 16536349
What are the prime factors of 324917212?
2, 211, 384973
What are the prime factors of 977827070?
2, 5, 11, 8889337
List the prime factors of 33391874.
2, 16695937
List the prime factors of 12908174.
2, 47, 137321
List the prime factors of 96217182.
2, 3, 107, 49957
What are the prime factors of 4688321615?
5, 37, 25342279
List the prime factors of 191238826.
2, 1471, 65003
List the prime factors of 70207361.
7, 10029623
What are the prime factors of 174239170?
2, 5, 7, 131, 19001
What are the prime factors of 340760?
2, 5, 7, 1217
What are the prime factors of 3676106422?
2, 23, 79915357
List the prime factors of 110623123.
13, 23, 419, 883
What are the prime factors of 32377267?
13, 101, 24659
List the prime factors of 472947038.
2, 17, 13910207
What are the prime factors of 452210424?
2, 3, 89, 127, 1667
List the prime factors of 154623947.
154623947
What are the prime factors of 130087149?
3, 23, 1885321
What are the prime factors of 3565278892?
2, 7, 569, 223781
What are the prime factors of 744151902?
2, 3, 13, 9540409
List the prime factors of 430044307.
7, 11, 31, 180161
List the prime factors of 76019466.
2, 3, 607, 20873
List the prime factors of 76270438.
2, 23, 1658053
What are the prime factors of 2222819727?
3, 2161, 342869
What are the prime factors of 79248973?
79248973
List the prime factors of 597368387.
7, 11, 241, 32191
List the prime factors of 1256777407.
863, 1456289
What are the prime factors of 3388557468?
2, 3, 401, 704189
List the prime factors of 696157708.
2, 174039427
What are the prime factors of 1996571952?
2, 3, 97, 142939
What are the prime factors of 3719155?
5, 11, 19, 3559
What are the prime factors of 49286345?
5, 223, 44203
List the prime factors of 1708502336.
2, 26695349
List the prime factors of 823838620.
2, 5, 11, 317, 11813
What are the prime factors of 1795490631?
3, 11, 2015141
List the prime factors of 1548762461.
1548762461
List the prime factors of 533423002.
2, 7, 769, 49547
List the prime factors of 481653909.
3, 11, 223, 21817
List the prime factors of 275153639.
59, 4663621
What are the prime factors of 69242541?
3, 3739, 6173
List the prime factors of 57279888.
2, 3, 73, 5449
List the prime factors of 5521860155.
5, 7, 157767433
What are the prime factors of 201852290?
2, 5, 71, 107, 2657
What are the prime factors of 43510988?
2, 19, 79, 7247
What are the prime factors of 693056797?
461, 1503377
What are the prime factors of 313336178?
2, 127, 1233607
List the prime factors of 70330505.
5, 7, 157, 12799
List the prime factors of 271079467.
17, 15945851
List the prime factors of 40797319.
40797319
List the prime factors of 195460505.
5, 19, 2057479
What are the prime factors of 396469698?
2, 3, 66078283
What are the prime factors of 1799634450?
2, 3, 5, 17, 127, 5557
What are the prime factors of 163882408?
2, 20485301
List the prime factors of 136800720.
2, 3, 5, 7, 27143
What are the prime factors of 94467255?
3, 5, 6297817
What are the prime factors of 205529576?
2, 7, 3670171
List the prime factors of 120008345.
5, 24001669
What are the prime factors of 2176891039?
43, 50625373
What are the prime factors of 313829944?
2, 151, 239, 1087
What are the prime factors of 52393178?
2, 43, 359, 1697
What are the prime factors of 86679707?
149, 581743
What are the prime factors of 281009847?
3, 17, 5509997
List the prime factors of 803753886.
2, 3, 13, 37, 278501
List the prime factors of 73972901.
317, 233353
List the prime factors of 334298802.
2, 3, 571, 97577
What are the prime factors of 2127997598?
2, 6547, 162517
What are the prime factors of 1692923124?
2, 3, 7681, 18367
What are the prime factors of 151122944?
2, 7, 29, 727
List the prime factors of 928933653.
3, 509, 608339
List the prime factors of 900104777.
11, 13, 53, 113, 1051
List the prime factors of 106606383.
3, 13, 283, 743
List the prime factors of 330005116.
2, 7, 179, 65843
List the prime factors of 170133160.
2, 5, 4253329
List the prime factors of 736947575.
5, 7, 13, 323933
List the prime factors of 47077553.
41, 787, 1459
What are the prime factors of 7085598?
2, 3, 13, 90841
List the prime factors of 278178706.
2, 13, 10699181
What are the prime factors of 3531212351?
3531212351
List the prime factors of 30117738.
2, 3, 7, 717089
What are the prime factors of 97739773?
29, 73, 137, 337
What are the prime factors of 9062745748?
2, 7, 323669491
List the prime factors of 3923114380.
2, 5, 196155719
What are the prime factors of 35648004?
2, 3, 7, 347, 1223
What are the prime factors of 84894697?
89, 953873
List the prime factors of 195460927.
195460927
What are the prime factors of 66757550?
2, 5, 127, 10513
List the prime factors of 1689142995.
3, 5, 37536511
What are the prime factors of 531891268?
2, 173, 768629
List the prime factors of 1035556765.
5, 207111353
List the prime factors of 1802879.
13, 138683
What are the prime factors of 2527578722?
2, 1263789361
List the prime factors of 828385685.
5, 241, 687457
List the prime factors of 70332064.
2, 11, 199807
What are the prime factors of 654370659?
3, 19, 3826729
List the prime factors of 123744631.
123744631
List the prime factors of 1436728583.
1436728583
List the prime factors of 21377380.
2, 5, 419, 2551
What are the prime factors of 354110973?
3, 41, 409, 7039
What are the prime factors of 142406152?
2, 7, 103, 3527
What are the prime factors of 9373060008?
2, 3, 13, 10013953
List the prime factors of 2130956702.
2, 7, 163, 933811
What are the prime factors of 61880973?
3, 7, 11, 71
What are the prime factors of 191455647?
3, 19, 167, 20113
List the prime factors of 66738244.
2, 3697, 4513
What are the prime factors of 1867151338?
2, 13, 71813513
What are the prime factors of 959913107?
959913107
What are the prime factors of 429817982?
2, 11, 19537181
What are the prime factors of 41164692?
2, 3, 3430391
What are the prime factors of 868062613?
11, 8501, 9283
What are the prime factors of 29325070?
2, 5, 31, 94597
List the prime factors of 35589275.
5, 349, 4079
List the prime factors of 101488055.
5, 20297611
What are the prime factors of 5656608?
2, 3, 6547
List the prime factors of 282203798.
2, 141101899
What are the prime factors of 170272637?
139, 1224983
List the prime factors of 5913631.
5913631
What are the prime factors of 2089978267?
13, 3877, 41467
What are the prime factors of 1897606415?
5, 601, 631483
List the prime factors of 1707821852.
2, 11, 23, 1687571
What are the prime factors of 1262142830?
2, 5, 13, 19, 510989
List the prime fa